7*k**2 - 2 + 51*k**2. What is z(-2)?
23
Let i(n) = -5*n + 3*n**2 - 4 - 2*n**2 + 6*n. Suppose -3*w = -2*s + 3, 0 = -3*w + 4*s + 4 - 1. Let o be i(w). Let h(v) = 2*v**2 - 3*v + 3. What is h(o)?
5
Let y(n) = -3*n - 21. Let x be y(-9). Let j be 184/(-69)*x/4. Let l(c) be the first derivative of -c**2/2 - 2*c - 2. What is l(j)?
2
Let z(q) be the second derivative of -q**3/3 - 23*q**2/2 + 157*q. Calculate z(-14).
5
Let g(s) be the second derivative of s**5/20 - s**4/2 - s**3/3 - s**2 + 6*s. Determine g(3).
-35
Let u be (95/20 - 4) + 26/8. Let c be (-3 - (-10)/(-5)) + u. Let r(x) = -2*x**3 + x**2 + x + 1. What is r(c)?
3
Suppose 9*v + 126 = 72*v. Let m(c) = -3*c - 2 + 4*c - 4*c. Calculate m(v).
-8
Let i(a) be the first derivative of 1/3*a**3 + 0*a**2 + 2*a + 2. Let h be (1 - 1)*3/9. Calculate i(h).
2
Let o(a) = -363*a + 360*a - a**2 - 2 + a**3 + 2*a**2. Let c = 15 + -17. Calculate o(c).
0
Let y(m) = -2*m - 16. Let x(d) = 3*d**2 + d - 8. Let h be x(2). Suppose h*v + 44 = 2*v. Calculate y(v).
6
Let w(k) = -2*k**2 - 3*k + 3. Let j(b) be the third derivative of -1/60*b**5 - b**2 + 0*b + 1/24*b**4 + 1/3*b**3 + 0. Let g be j(0). Give w(g).
-11
Suppose -7 = 2*g + 3. Suppose 3*r + 2*o = 6*r - 66, -3*o = 0. Let s(q) = q + 0*q - q**3 + 4 + 17*q**2 - r*q**2. Give s(g).
-1
Let y be (-13)/((-273)/(-28))*(-6)/6. Let q(z) be the first derivative of 1 - y*z**3 + 1/4*z**4 - 7*z - 3/2*z**2. Determine q(5).
3
Let k(a) = a**2 + a. Let u = 21 + -18. Suppose u*s = x - 4 - 0, 6 = x - 5*s. Let d be -3 - (2 - (x + 0)). Calculate k(d).
12
Suppose 46*z = 33*z. Let o(a) = 4*a + 17. Let w(j) = -5*j - 18. Let f(k) = -4*o(k) - 3*w(k). Calculate f(z).
-14
Suppose 3*m + z + 0*z - 22 = 0, 3*m + 4*z = 34. Let r(d) = d**3 - 6*d**2 - d + 2. Let g be r(m). Let h(c) = -c + 1. What is h(g)?
5
Let s be 4/(1 + ((-8)/6)/(-4)). Let i(o) = 2*o**2 - o**3 + 1 + 0*o + 1 + 3*o. Calculate i(s).
2
Let d(c) be the first derivative of -21 - 1/2*c**2 + 3*c. Calculate d(0).
3
Suppose 0 = -103*j + 56 - 571. Let y(i) = i + 4. What is y(j)?
-1
Let j(y) be the second derivative of -y**4/12 + 5*y**3/6 + y**2/2 - 2*y + 119. Calculate j(6).
-5
Let n(d) = -d + 7. Let g be 25/(-3)*(1/5 - 2). Suppose 2*o - 3 = g. Calculate n(o).
-2
Let u(r) = 12*r**3 + r. Let f = -11 - -18. Let c(x) = -x**2 + x + 4. Let h be c(0). Suppose f*t - 3*t = -h. Determine u(t).
-13
Let v(n) = 5*n**2 - 2*n - 1. Suppose -s - 1 = 0, 6*c - 2*s - 2 = c. Let f(j) = j**2 + 2*j - 1. Let y be f(c). Give v(y).
6
Let f = -105 + 107. Let y(p) = -2*p**2 + p + 2. Calculate y(f).
-4
Let z be 12*((-13)/26)/(2/(-3)). Let p(q) = q + 9. Calculate p(z).
18
Let p(o) be the third derivative of o**4/8 + o**3/6 + 251*o**2. Give p(3).
10
Let b be (-6)/(-8) - (-31)/(-4). Let k be (-4)/18 - (b - 50/(-18)). Let g(h) be the second derivative of h**4/12 - h**3/2 + 3*h**2/2 - h. Determine g(k).
7
Let y(t) = t**3 - 8*t**2 + 7*t. Let c = -70 + 80. Suppose -c*d = -9*d - 7. What is y(d)?
0
Let z(c) = c**2 + 2*c. Let t(u) = u**2 + 3*u + 1. Let p(i) = 6*t(i) - 5*z(i). Let a(k) = -5*k**2 + 14*k - 2. Let h = -41 - -44. Let l be a(h). Calculate p(l).
-9
Suppose 2*c + 4*k = -4, -c - 4*k + 26 = -4*c. Let t(o) = o**2 + 6*o + 6. What is t(c)?
6
Let g(j) = 2 + 409*j - 422*j - 1. What is g(1)?
-12
Let p(z) be the second derivative of -z**4/12 - z**3/2 - z**2/2 - z. Let l be 12/(-10) - (-24)/(-30). Determine p(l).
1
Let p(b) = -19*b**2 + 2*b + 1. Suppose 0 = 13*c + 24 - 11. What is p(c)?
-20
Let p(v) = -v**2 - v. Let n(k) = 3*k**2 - 6*k. Let u(o) = -n(o) + 6*p(o). Let g = 12 + -10. Suppose -2*a - 6 = g*r, -13 = -2*a - 3*a + 2*r. Determine u(a).
-9
Let u(c) = 3*c - 2. Let o(m) = m**2 + m + 1. Let a(b) = o(b) + u(b). Let t(s) = 2*s**2 + 11*s - 17. Let w be t(-9). Let y = w + -51. Calculate a(y).
4
Suppose -5*g - 76 = -56. Let q(h) = -5*h + 1. Let f(n) = -4*n. Let s(p) = -4*p**3 + 2*p**2 - 1. Let l be s(1). Let r(b) = l*q(b) + 4*f(b). Determine r(g).
1
Let r be (-5)/2 - 2*1/(-4). Let f be (r - -5)*16/12. Let l(g) = -g**3 + 5*g**2 - 2*g - 4. Give l(f).
4
Let f(y) be the third derivative of y**4/12 - 2*y**3 + 4*y**2. Let p be f(9). Let k(t) = -t**3 - 6*t**2 + 3 + t**2 - 3 - p*t. What is k(-4)?
8
Let a(l) be the second derivative of -5*l**3/6 + l. Let v(i) = -176*i - 1057. Let r be v(-6). Give a(r).
5
Let c(m) be the third derivative of 0 - 1/12*m**4 + 1/30*m**5 + 17*m**2 - 1/6*m**3 + 0*m. Give c(3).
11
Let x(m) = 25*m + 4 - 12*m - m**2 - 11*m. Let t(b) = 2*b**3 - b**2 - 2*b + 4. Let h be t(2). Suppose -h*n = -8*n - 16. Determine x(n).
-4
Let p(x) be the third derivative of -x**6/120 + x**5/30 + x**4/24 - x**3/6 + 4*x**2. Let c be (9 + -1)*2/(-2). Let f = 11 + c. Calculate p(f).
-7
Let m(u) be the first derivative of -u**3 + u**2/2 + 95. Give m(1).
-2
Suppose 6*x - 6 = -0*x. Let d(l) = 15*l - 44*l - 2*l**3 + 5*l**2 + 13*l + x + 12*l. Calculate d(3).
-20
Suppose 0*g - 96 = -4*g. Suppose g = -3*a - r - 0*r, 4*a + 13 = 5*r. Let z(k) = k**2 + 5*k - 10. Give z(a).
4
Suppose -3*a + 4*d - 2*d = -84, 2*d = -6. Let s be ((-108)/48)/((-2)/16*2). Suppose 5*i = s + a. Let j(z) = -z + 3. Give j(i).
-4
Let z(d) = -d**3 + 3*d**2 + 3*d + 4. Suppose -2*p = 5*m - 141, 3*m = 2*p - m - 186. Let w = -80 + p. Determine z(w).
13
Let h(f) be the third derivative of 0 - 1/2*f**3 + 0*f + f**2 - 1/6*f**4. Let q be (-7)/14*((-12)/14)/(75/(-350)). Give h(q).
5
Let q(y) = -y + 4. Let v be q(3). Let g(i) be the second derivative of 5*i + 7/3*i**3 + 0*i**2 + 0. What is g(v)?
14
Let a(r) be the second derivative of r**3/6 - r**2/2 + 2*r. Let t(h) = -1. Let f(p) = -a(p) + 2*t(p). Give f(3).
-4
Let j(g) = -g**2 - g + 3. Suppose 0 = c + 3*a + 7, -5*a + 8 - 33 = 5*c. Calculate j(c).
-9
Let f(k) = k + 15. Let w(j) = 12*j + 60. Let c be w(-5). Determine f(c).
15
Suppose -5*q + 61 = 2*v, 17 = 3*q + 5*v - 12. Let d(y) = y + 1. Give d(q).
14
Let a(j) = -9*j**3 + 4*j**2 - 6*j + 3. Let i be a(2). Let k = i - -71. Let v(l) = l - 8. Calculate v(k).
-2
Let u be -5 - (2 + 0 - 1). Let h(o) = 1 + 1 + 0*o - 4 + o + 5. Determine h(u).
-3
Let n(g) = 3*g - 5. Let k be (-21)/7*(-1 + -32)/(-3). Let j = k - -37. Calculate n(j).
7
Let a = -6 + 8. Let p(m) = -3 + 2*m + 3*m**2 - m**a + 0*m**2. Let c = -1179 - -1181. Give p(c).
9
Let g be 357/12 - (52/(-16) + 3). Suppose 2*m + g = -4*m. Let r(u) = -3*u + 4 + u + u**2 + u**3 + 3*u**2 - 1. What is r(m)?
-12
Let w be -7 - (1 + 1)/2. Let c(m) be the second derivative of m**3/3 + 6*m**2 + 577*m + 1. What is c(w)?
-4
Let m(s) be the first derivative of -s**3/3 - 3*s**2/2 - 7*s - 77. What is m(-3)?
-7
Let j be 1/((18/(-105))/(-6)). Let i = j + -30. Let p(k) = k**2 - 3*k - 5. Determine p(i).
5
Let z = 35 - 42. Let h(t) = t**2 + t - 3. Let x be h(-3). Let c(y) = 2*y - 35. Let g(i) = i - 12. Let o(f) = x*c(f) - 8*g(f). What is o(z)?
5
Let z(s) = s + 17. Let d(k) = 53*k + 523. Let p be d(-10). What is z(p)?
10
Suppose -157*b = -152*b + 865. Let m = 180 + b. Let z(o) = -2 - 7 + o + 3. Give z(m).
1
Let j(s) = -35*s. Let r(o) = -87*o. Let c(f) = 12*j(f) - 5*r(f). Let u = 148 + -149. Determine c(u).
-15
Let p(g) = 2*g**2 + 3*g - 2. Let w = -27 + 28. Let l be ((0/(-4))/(-1))/w. Suppose -5*x + 5 + 5 = l. Give p(x).
12
Let m(x) = 26*x - 17 + 6 + 0 + 7 + 5. What is m(-1)?
-25
Let n(x) = -6*x**2 + 8*x - 12. Let h(w) = 9*w**2 - 13*w + 19. Let z(t) = -5*h(t) - 8*n(t). Determine z(1).
5
Let g be -1 + 1 - 1 - 1. Let w(b) be the first derivative of 1/4*b**4 + 4/3*b**3 - 2*b + 34 - 1/2*b**2. Determine w(g).
8
Let i(y) = y**2 - 2*y - 1. Suppose q + 15 = 8. Let a = q - -9. What is i(a)?
-1
Suppose -24*b = 69 + 267. Let q(a) = a**2 + 14*a + 18. Give q(b).
18
Let d = -15 + 18. Let x(j) = -9*j**3 + 17*j**2 + 9*j - 4. Let a(c) = -4*c**3 + 8*c**2 + 5*c - 2. Let n(q) = d*x(q) - 7*a(q). Give n(6).
-10
Let f(n) be the second derivative of -n**4/12 - n**3/6 + 2*n**2 + 7*n - 2. Calculate f(0).
4
Let o be (-22)/(-18) + (-22)/99 + 0. Let a(c) = -11*c - 12*c + c - 4*c. Give a(o).
-26
Suppose 52*b - 9 = -529. Let d(o) = -o - 10. What is d(b)?
0
Let c(f) = 14*f - 50. Suppose -98*m = -60 - 332. Determine c(m).
6
Let p = -5 - -9. Suppose 2*u + 4 = p*r, -3*r + 13 = -0*u + u. Let c(i) = 1 + 3*i + i - 5*i + 2. Calculate c(r).
0
Let m(k) = 2*k**3 + 2*k - 2. Let n(j) = 35 + 4 + 3*j - 10*j + 5. Let z be n(6). What is m(z)?
18
Suppose 2*v + 3*i =